) in base 8?
3006522
What is -11612400 (base 8) in base 2?
-1001110001010100000000
What is 4226351 (base 7) in base 3?
221222022022
Convert 13f154 (base 16) to base 7.
14052251
What is -10053 (base 13) in base 2?
-110111111010101
What is 110032320101 (base 4) in base 2?
10100001110111000010001
What is 12121424 (base 6) in base 10?
383992
-206d93 (base 16) to base 11
-1221773
What is 5251238 (base 9) in base 15?
3a748e
-441b8a (base 14) to base 13
-62b56c
12120100212 (base 3) to base 13
3ab80
What is -2100121001 (base 3) in base 7?
-252106
Convert 2287baa (base 12) to base 7.
110342542
What is -3341163 (base 7) in base 5?
-101212114
-3220034002 (base 5) to base 15
-8e48d7
3c393 (base 14) to base 3
21120020120
27001 (base 10) to base 14
9ba9
2634037 (base 9) to base 8
5374101
Convert 7377722 (base 9) to base 14.
74b12b
Convert 551887 (base 13) to base 9.
3682447
Convert -236182 (base 10) to base 3.
-102222222111
Convert -10101111111001011010 (base 2) to base 8.
-2577132
What is -174e5 (base 16) in base 9?
-154847
What is 1a06a3 (base 12) in base 16?
6f9db
What is 116770 (base 9) in base 8?
211726
Convert 4b180 (base 12) to base 4.
120330300
Convert 18220200 (base 9) to base 5.
4321302004
Convert 311311001 (base 5) to base 16.
137767
Convert 61111 (base 7) to base 3.
202022101
Convert -12494b (base 14) to base 3.
-1011212201101
Convert 1032138 (base 12) to base 7.
34640324
What is -2003b2 (base 14) in base 12?
-43aab4
What is -1002101021 (base 3) in base 6?
-243054
Convert -110110001000111110 (base 2) to base 11.
-141679
What is 13853529 (base 10) in base 14?
1ba893b
What is 102233332 (base 4) in base 12?
3853a
What is 12043102 (base 5) in base 8?
333225
Convert -10100100010111111 (base 2) to base 10.
-84159
-100110111001001100011 (base 2) to base 10
-1274467
What is 101110011010000100000111 (base 2) in base 11?
695a03a
Convert 14588 (base 13) to base 11.
26864
What is -727418 (base 10) in base 6?
-23331402
What is -7c3a6 (base 14) in base 8?
-1116756
-85726a (base 11) to base 10
-1371248
-16902b (base 12) to base 13
-107ca5
-217342 (base 8) to base 16
-11ee2
-16650438 (base 10) to base 9
-34287086
200667 (base 10) to base 9
335233
Convert -321213400 (base 5) to base 4.
-11021312330
What is -22331454 (base 6) in base 11?
-425544
11003213 (base 4) to base 9
31362
-10388785 (base 9) to base 3
-100102222212212
What is 125062355 (base 7) in base 9?
16066062
Convert -2430134 (base 5) to base 6.
-551233
Convert 14b463 (base 15) to base 4.
3310020321
154220 (base 7) to base 16
7658
What is -826ba (base 16) in base 7?
-4353304
1487686 (base 9) to base 3
1112221202220
Convert 163166a (base 11) to base 5.
1203041143
-112310 (base 5) to base 11
-307a
-2531116 (base 8) to base 6
-23005222
Convert 110300010331 (base 4) to base 8.
24600475
What is -22bb2a0 (base 13) in base 7?
-160150256
-625774 (base 8) to base 2
-110010101111111100
b4a342 (base 13) to base 9
7843107
What is 1867aaa (base 12) in base 6?
301343134
What is 1746684 (base 9) in base 13?
2822c2
What is -24b281 (base 12) in base 5?
-123200001
Convert -2211300344 (base 5) to base 2.
-10010010001100111000100
Convert -3889996 (base 11) to base 6.
-400153040
-4a727 (base 15) to base 10
-237862
What is -9527 (base 13) in base 9?
-31285
Convert 293159 (base 10) to base 4.
1013210213
What is -25524530 (base 6) in base 9?
-1513310
-1202012011002 (base 3) to base 7
-10616015
Convert -60046 (base 12) to base 4.
-132120312
-4a9495 (base 13) to base 3
-10101000021102
Convert a85047 (base 11) to base 15.
243d2e
Convert -2615153 (base 8) to base 13.
-1c628a
What is 11d796 (base 16) in base 10?
1169302
What is 102122212110 (base 3) in base 9?
378773
592b1 (base 12) to base 13
42601
-458982 (base 12) to base 3
-2002121102122
What is -51403454 (base 6) in base 5?
-334301031
What is -10410303440 (base 5) in base 2?
-101011100011001000111000
What is -101113002301 (base 4) in base 13?
-c34501
1020012120021 (base 3) to base 15
cd9d1
What is -2ac0b9 (base 13) in base 12?
-42a448
Convert 1041446 (base 7) to base 11.
88046
What is 25561630 (base 8) in base 15?
777340
132533432 (base 6) to base 8
12104074
Convert 10101221002 (base 3) to base 2.
10000010111001000
Convert -1211220121200 (base 3) to base 6.
-33020113
756880 (base 13) to base 9
5161171
-57999a6 (base 11) to base 3
-201001122220110
What is 1100011001111110100 (base 2) in base 12?
177304
Convert 1101100101011101110 (base 2) to base 16.
6caee
Convert 1ab15 (base 16) to base 10.
109333
Convert 21304 (base 16) to base 15.
2a42a
Convert -11430401 (base 5) to base 3.
-12111110101
-21aaa47 (base 11) to base 7
-44565446
2d94b (base 14) to base 5
12124320
2c222 (base 14) to base 6
2210034
Convert 257024 (base 10) to base 12.
1048a8
-167d2 (base 15) to base 16
-11bc7
6555525 (base 7) to base 9
1454676
Convert -2811f3 (base 16) to base 8.
-12010763
Convert 1869c9 (base 16) to base 15.
2190d0
What is -100101001000100101 (base 2) in base 16?
-25225
What is 78057 (base 12) in base 3?
22002011111
4205625 (base 8) to base 4
10100232111
What is -83158 (base 10) in base 8?
-242326
What is d16b (base 16) in base 11?
37308
What is 170c76 (base 14) in base 12?
330348
15121535 (base 6) to base 15
a53d8
What is -1531109 (base 10) in base 16?
-175ce5
Convert -2263633 (base 10) to base 6.
-120303441
3095616 (base 10) to base 9
5737343
Convert 10d49e (base 16) to base 3.
2002001001002
Convert -1124220 (base 9) to base 6.
-21000500
-110101000111010100 (base 2) to base 6
-4355112
What is -2748539 (base 11) in base 12?
-1707302
1436746 (base 8) to base 14
a910a
Convert a66c0 (base 14) to base 7.
3262630
What is 11120111010000 (base 3) in base 12?
9926b3
What is 185885a (base 12) in base 16?
4dbfc6
-1941252 (base 13) to base 8
-37466154
What is -9906c (base 14) in base 8?
-1323550
-5870057 (base 11) to base 2
-100111000110001000111010
Convert -14618866 (base 9) to base 8.
-33603140
Convert -13422443 (base 7) to base 3.
-2100110220022
-58a02 (base 12) to base 3
-20001011102
Convert -31321 (base 12) to base 13.
-23404
111202122211 (base 3) to base 7
2205625
-12edf (base 16) to base 5
-4440120
What is 5304434 (base 10) in base 4?
110033001302
Convert 4a0b3 (base 13) to base 15.
2a60a
2822703 (base 10) to base 12
b41613
Convert 101011101101111101101 (base 2) to base 14.
2940d7
What is -12033651 (base 8) in base 10?
-2635689
What is -3201422444 (base 5) in base 6?
-354545210
-118685 (base 10) to base 11
-81196
Convert 10122010010 (base 3) to base 4.
101131212
What is 100111111101001 (base 2) in base 10?
20457
3131c (base 14) to base 7
1002535
133603 (base 9) to base 13
2b092
What is -533168 (base 9) in base 2?
-1001101011101001010
What is 27615 (base 12) in base 11?
379aa
1002121330 (base 4) to base 13
96a5a
Convert -2b2374 (base 12) to base 7.
-6126340
What is 503335 (base 7) in base 16?
14cf5
5244425 (base 6) to base 16
3e441
3505335 (base 6) to base 12
8824b
Convert 33014210 (base 5) to base 11.
183215
8565650 (base 10) to base 8
40531622
-11b0940 (base 12) to base 9
-6460053
-41b662 (base 12) to base 10
-1036010
3646431 (base 9) to base 8
7432303
Convert -1794bc (base 16) to base 3.
-2220111220012
4628632 (base 9) to base 11
1457a28
-1354495 (base 10) to base 9
-2484014
What is 12200012 (base 5) in base 12?
56b00
What is 16201261 (base 7) in base 8?
5755617
-325440 (base 7) to base 11
-39a46
What is -141857 (base 10) in base 14?
-399a9
Convert -43044331 (base 5) to base 7.
-3036516
What is c83d (base 16) in base 7?
302310
Convert b261e (base 15) to base 10.
565004
Convert -11252723 (base 8) to base 16.
-2555d3
11101011010001010 (base 2) to base 10
120458
-4514b (base 12) to base 16
-1668b
120221020 (base 4) to base 8
305110
Convert 723905 (base 10) to base 8.
2605701
Convert 448319 (base 10) to base 14.
b954b
Convert -549941 (base 10) to base 7.
-4450220
-20000211101 (base 3) to base 14
-3138a
Convert -101201211002212 (base 3) to base 6.
-322133422
Convert -24623070 (base 9) to base 8.
-56005270
What is 2261645 (base 8) in base 9?
1137063
Convert 23321751 (base 8) to base 3.
100120111202002
168b8a (base 12) to base 7
3206263
What is -11110000111110 (base 2) in base 12?
-8b12
Convert -153500003 (base 6) to base 3.
-20010112100010
Convert 12111100001112 (base 3) to base 16.
2c8d06
1402112